{"id":19,"date":"2022-03-07T14:20:36","date_gmt":"2022-03-07T14:20:36","guid":{"rendered":"https:\/\/www.introotomotiv.com\/?page_id=19"},"modified":"2022-03-07T14:54:55","modified_gmt":"2022-03-07T14:54:55","slug":"about","status":"publish","type":"page","link":"https:\/\/www.introotomotiv.com\/?page_id=19","title":{"rendered":"HAKKIMIZDA"},"content":{"rendered":"<div class=\"col-md-6 col-sm-6 col-xs-12\">\n<div class=\"about-img-area wow fadeInDown animated animated animated animated animated\" style=\"visibility: visible; animation-delay: 0.4s; animation-name: fadeInDown;\" data-wow-delay=\"0.4s\"><img loading=\"lazy\" class=\"alignnone  wp-image-36\" src=\"https:\/\/www.introotomotiv.com\/wp-content\/uploads\/2022\/03\/11111-300x207.jpg\" alt=\"\" width=\"888\" height=\"613\" srcset=\"https:\/\/www.introotomotiv.com\/wp-content\/uploads\/2022\/03\/11111-300x207.jpg 300w, https:\/\/www.introotomotiv.com\/wp-content\/uploads\/2022\/03\/11111-1024x707.jpg 1024w, https:\/\/www.introotomotiv.com\/wp-content\/uploads\/2022\/03\/11111-768x530.jpg 768w, https:\/\/www.introotomotiv.com\/wp-content\/uploads\/2022\/03\/11111-1536x1061.jpg 1536w, https:\/\/www.introotomotiv.com\/wp-content\/uploads\/2022\/03\/11111-2048x1414.jpg 2048w\" sizes=\"(max-width: 888px) 100vw, 888px\" \/><\/div>\n<\/div>\n<div class=\"col-md-6 col-sm-6 col-xs-12 wow fadeInDown animated animated animated animated animated\" style=\"visibility: visible; animation-delay: 0.4s; animation-name: fadeInDown;\" data-wow-delay=\"0.4s\">\n<div class=\"post-header\">\n<h1 class=\"post-title\"><span style=\"font-size: 16px; color: initial;\">&#8220;yeni nesil oto yedek par\u00e7a tedarik\u00e7iniz\u201d misyonu do\u011frultusunda, t\u00fcm T\u00fcrkiye\u2019deki donan\u0131ml\u0131 ekibimizle kamyon, otob\u00fcs, TIR, hafif ticari ara\u00e7lar\u0131n fren ve debriyaj \u00fcr\u00fcnleri ba\u015fta olmak \u00fczere yedek par\u00e7alar\u0131n\u0131n pazarlama ve sat\u0131\u015f\u0131n\u0131 ger\u00e7ekle\u015ftiriyoruz.<\/span><\/h1>\n<\/div>\n<div class=\"post-inner\">\n<div class=\"post-content\">\n<p class=\"has-regular-font-size\">Yetkili bayisi ve da\u011f\u0131t\u0131c\u0131s\u0131 oldu\u011fumuz baz\u0131 markalar ve \u00fcr\u00fcn gruplar\u0131;<\/p>\n<p class=\"has-regular-font-size\"><em><strong>F.S.S.<\/strong><\/em>\u00a0Haval\u0131 Fren ve Debriyaj, Tamir Tak\u0131mlar\u0131, Fren K\u00f6r\u00fckleri, S\u00fcspansiyon Ventil Grubu ve Valf Grubu \u00fcr\u00fcnleri,<\/p>\n<p class=\"has-regular-font-size\"><em><strong>EKER<\/strong><\/em>\u00a0Disk, Kampana, Bijon, Otomatik Fren C\u0131rc\u0131r\u0131, Volant ve Porya,<\/p>\n<p class=\"has-regular-font-size\"><em><strong>EGE FREN<\/strong><\/em>\u00a0Disk Kaliper ve Tamir Tak\u0131mlar\u0131, Ayar Mekanizmalar\u0131, Kampanal\u0131 ve Disk Fren Par\u00e7alar\u0131, Fren Balatas\u0131 , Otomatik ve Manuel Fren C\u0131rc\u0131r\u0131 ve Disk Balata,<\/p>\n<p class=\"has-regular-font-size\"><em><strong>KUMAS<\/strong>\u00a0<\/em>Kompres\u00f6r Kapaklar\u0131 ve Tamir Tak\u0131mlar\u0131,<\/p>\n<p><em><strong>ROTA<\/strong><\/em>\u00a0Rotil, Rotba\u015f\u0131, Komple Rotlar, Bugi (\u00c7eki) Kollar\u0131 ve V Kollar,<\/p>\n<p><em><strong>POBUSAN<\/strong><\/em>\u00a0Debriyaj, Bask\u0131, Disk ve Rulmanlar\u0131.<\/p>\n<\/div>\n<\/div>\n<\/div>\n","protected":false},"excerpt":{"rendered":"<p>&#8220;yeni nesil oto yedek par\u00e7a tedarik\u00e7iniz\u201d misyonu do\u011frultusunda, t\u00fcm T\u00fcrkiye\u2019deki donan\u0131ml\u0131 ekibimizle kamyon, otob\u00fcs, TIR, hafif ticari ara\u00e7lar\u0131n fren ve debriyaj \u00fcr\u00fcnleri ba\u015fta olmak \u00fczere yedek par\u00e7alar\u0131n\u0131n pazarlama ve sat\u0131\u015f\u0131n\u0131 ger\u00e7ekle\u015ftiriyoruz. Yetkili bayisi ve da\u011f\u0131t\u0131c\u0131s\u0131 oldu\u011fumuz baz\u0131 markalar ve \u00fcr\u00fcn gruplar\u0131; F.S.S.\u00a0Haval\u0131 Fren ve Debriyaj, Tamir Tak\u0131mlar\u0131, Fren K\u00f6r\u00fckleri, S\u00fcspansiyon Ventil Grubu ve Valf Grubu<\/p><\/div>\n<div class=\"blog-btn\"><a href=\"https:\/\/www.introotomotiv.com\/?page_id=19\" class=\"home-blog-btn\">Daha fazlas\u0131n\u0131 oku<\/a><\/p>\n","protected":false},"author":1,"featured_media":0,"parent":0,"menu_order":0,"comment_status":"closed","ping_status":"closed","template":"template\/template-about.php","meta":[],"_links":{"self":[{"href":"https:\/\/www.introotomotiv.com\/index.php?rest_route=\/wp\/v2\/pages\/19"}],"collection":[{"href":"https:\/\/www.introotomotiv.com\/index.php?rest_route=\/wp\/v2\/pages"}],"about":[{"href":"https:\/\/www.introotomotiv.com\/index.php?rest_route=\/wp\/v2\/types\/page"}],"author":[{"embeddable":true,"href":"https:\/\/www.introotomotiv.com\/index.php?rest_route=\/wp\/v2\/users\/1"}],"replies":[{"embeddable":true,"href":"https:\/\/www.introotomotiv.com\/index.php?rest_route=%2Fwp%2Fv2%2Fcomments&post=19"}],"version-history":[{"count":4,"href":"https:\/\/www.introotomotiv.com\/index.php?rest_route=\/wp\/v2\/pages\/19\/revisions"}],"predecessor-version":[{"id":56,"href":"https:\/\/www.introotomotiv.com\/index.php?rest_route=\/wp\/v2\/pages\/19\/revisions\/56"}],"wp:attachment":[{"href":"https:\/\/www.introotomotiv.com\/index.php?rest_route=%2Fwp%2Fv2%2Fmedia&parent=19"}],"curies":[{"name":"wp","href":"https:\/\/api.w.org\/{rel}","templated":true}]}}